e the remainder when 4809 is divided by 12.
9
Calculate the remainder when 1578 is divided by 52.
18
What is the remainder when 6402 is divided by 1546?
218
What is the remainder when 304446 is divided by 5?
1
Calculate the remainder when 93742 is divided by 494.
376
Calculate the remainder when 42842 is divided by 1260.
2
Calculate the remainder when 2426 is divided by 1202.
22
What is the remainder when 230171 is divided by 681?
674
What is the remainder when 126882 is divided by 122?
2
Calculate the remainder when 6197 is divided by 160.
117
What is the remainder when 375 is divided by 57?
33
Calculate the remainder when 21122 is divided by 7035.
17
Calculate the remainder when 7621 is divided by 169.
16
Calculate the remainder when 2027 is divided by 276.
95
Calculate the remainder when 1463202 is divided by 181.
179
Calculate the remainder when 180727 is divided by 45181.
3
Calculate the remainder when 665845 is divided by 1636.
1629
What is the remainder when 523335 is divided by 3536?
7
What is the remainder when 49759 is divided by 12439?
3
Calculate the remainder when 1203 is divided by 15.
3
Calculate the remainder when 107464 is divided by 277.
265
What is the remainder when 8360 is divided by 1033?
96
What is the remainder when 150 is divided by 45?
15
What is the remainder when 51334 is divided by 713?
711
Calculate the remainder when 15817 is divided by 2624.
73
Calculate the remainder when 232591 is divided by 16.
15
Calculate the remainder when 499463 is divided by 191.
189
What is the remainder when 790080 is divided by 71?
63
What is the remainder when 2656 is divided by 661?
12
What is the remainder when 1090 is divided by 172?
58
Calculate the remainder when 22612 is divided by 729.
13
What is the remainder when 335661 is divided by 567?
564
What is the remainder when 111955 is divided by 7?
4
Calculate the remainder when 49986 is divided by 1088.
1026
Calculate the remainder when 3301 is divided by 14.
11
What is the remainder when 27340 is divided by 325?
40
What is the remainder when 634462 is divided by 36?
34
What is the remainder when 56706 is divided by 511?
496
Calculate the remainder when 8322 is divided by 75.
72
What is the remainder when 592 is divided by 79?
39
Calculate the remainder when 9478 is divided by 4265.
948
What is the remainder when 23426 is divided by 29?
23
What is the remainder when 5726 is divided by 273?
266
What is the remainder when 14073 is divided by 14054?
19
Calculate the remainder when 32827 is divided by 217.
60
What is the remainder when 5647 is divided by 691?
119
Calculate the remainder when 373 is divided by 13.
9
What is the remainder when 12459 is divided by 1132?
7
Calculate the remainder when 11457 is divided by 1596.
285
What is the remainder when 204538 is divided by 107?
61
What is the remainder when 3634 is divided by 192?
178
Calculate the remainder when 2837 is divided by 1571.
1266
What is the remainder when 3234 is divided by 411?
357
What is the remainder when 143 is divided by 44?
11
Calculate the remainder when 1363 is divided by 95.
33
Calculate the remainder when 289869 is divided by 132.
129
What is the remainder when 45361 is divided by 1080?
1
What is the remainder when 4285 is divided by 165?
160
Calculate the remainder when 1035 is divided by 607.
428
Calculate the remainder when 6294 is divided by 3142.
10
What is the remainder when 93404 is divided by 32?
28
Calculate the remainder when 378332 is divided by 12.
8
Calculate the remainder when 110146 is divided by 548.
546
Calculate the remainder when 1326 is divided by 56.
38
Calculate the remainder when 34382 is divided by 289.
280
What is the remainder when 14426 is divided by 176?
170
Calculate the remainder when 5194 is divided by 126.
28
What is the remainder when 32311 is divided by 4615?
6
Calculate the remainder when 36031 is divided by 737.
655
What is the remainder when 3875 is divided by 3501?
374
Calculate the remainder when 543117 is divided by 1226.
1225
Calculate the remainder when 21112 is divided by 34.
32
Calculate the remainder when 58055 is divided by 77.
74
Calculate the remainder when 14447 is divided by 380.
7
What is the remainder when 1449 is divided by 245?
224
What is the remainder when 11881 is divided by 7?
2
What is the remainder when 33003 is divided by 32999?
4
Calculate the remainder when 20662 is divided by 87.
43
Calculate the remainder when 5006 is divided by 505.
461
Calculate the remainder when 2226 is divided by 631.
333
Calculate the remainder when 56652 is divided by 133.
127
Calculate the remainder when 9702 is divided by 3231.
9
Calculate the remainder when 7904 is divided by 24.
8
What is the remainder when 88202 is divided by 1633?
20
What is the remainder when 2662 is divided by 858?
88
What is the remainder when 174337 is divided by 49?
44
What is the remainder when 1016979 is divided by 508485?
9
What is the remainder when 7475 is divided by 7464?
11
Calculate the remainder when 526216 is divided by 166.
162
Calculate the remainder when 6251 is divided by 1929.
464
What is the remainder when 52117 is divided by 21?
16
Calculate the remainder when 890392 is divided by 636.
628
What is the remainder when 4757 is divided by 117?
77
What is the remainder when 482702 is divided by 13?
12
What is the remainder when 37246 is divided by 18614?
18
What is the remainder when 14312 is divided by 161?
144
What is the remainder when 375 is divided by 36?
15
Calculate the remainder when 22011 is divided by 22.
11
Calculate the remainder when 3170 is divided by 375.
170
What is the remainder when 625 is divided by 85?
30
Calculate the remainder when 4458 is divided by 320.
298
What is the remainder when 37893 is divided by 4209?
12
Calculate the remainder when 3119 is divided by 445.
4
What is the remainder when 10267 is divided by 2522?
179
Calculate the remainder when 4833 is divided by 402.
9
What is the remainder when 41803 is divided by 2612?
11
Calculate the remainder when 14687 is divided by 44.
35
Calculate the remainder when 24406 is divided by 108.
106
What is the remainder when 2036 is divided by 230?
196
Calculate the remainder when 17579 is divided by 58.
5
Calculate the remainder when 7820 is divided by 5.
0
Calculate the remainder when 75777 is divided by 157.
103
Calculate the remainder when 4403 is divided by 1177.
872
What is the remainder when 83925 is divided by 41?
39
What is the remainder when 157637 is divided by 13?
12
Calculate the remainder when 7346 is divided by 60.
26
Calculate the remainder when 334632 is divided by 27886.
0
What is the remainder when 2177 is divided by 91?
84
What is the remainder when 33959 is divided by 5657?
17
Calculate the remainder when 30525 is divided by 2.
1
What is the remainder when 1371496 is divided by 457165?
1
What is the remainder when 2974 is divided by 110?
4
Calculate the remainder when 3535 is divided by 500.
35
Calculate the remainder when 29157 is divided by 264.
117
What is the remainder when 63077 is divided by 830?
827
Calculate the remainder when 1566 is divided by 663.
240
Calculate the remainder when 20823 is divided by 336.
327
Calculate the remainder when 1783 is divided by 846.
91
Calculate the remainder when 40693 is divided by 133.
128
What is the remainder when 3738 is divided by 545?
468
What is the remainder when 17472 is divided by 269?
256
What is the remainder when 1470 is divided by 959?
511
What is the remainder when 8903 is divided by 27?
20
What is the remainder when 542993 is divided by 602?
591
Calculate the remainder when 2797 is divided by 2766.
31
What is the remainder when 108982 is divided by 24?
22
Calculate the remainder when 264175 is divided by 8005.
10
Calculate the remainder when 19267 is divided by 4803.
55
What is the remainder when 38935 is divided by 314?
313
Calculate the remainder when 54880 is divided by 22.
12
Calculate the remainder when 13237 is divided by 594.
169
Calculate the remainder when 73779 is divided by 595.
594
What is the remainder when 7865 is divided by 143?
0
What is the remainder when 14221 is divided by 2369?
7
What is the remainder when 7603 is divided by 207?
151
What is the remainder when 4682 is divided by 2244?
194
What is the remainder wh